{"id":460,"date":"2021-10-27T20:22:04","date_gmt":"2021-10-27T20:22:04","guid":{"rendered":"https:\/\/saarenoma.fi\/villawuorio\/varaukset\/"},"modified":"2022-10-17T11:36:23","modified_gmt":"2022-10-17T11:36:23","slug":"varaukset","status":"publish","type":"page","link":"https:\/\/saarenoma.fi\/villawuorio\/varaukset\/","title":{"rendered":"Villa Wuorion Rapuviikot"},"content":{"rendered":"\n<p><em>Rapukattauksissamme p\u00e4\u00e4osassa ovat huippulaatuiset Inkoossa keitetyt kotimaiset Viltg\u00e5rdenin t\u00e4pl\u00e4ravut. Ravut kalastetaan kest\u00e4v\u00e4n kehityksen periaatteella ja keitet\u00e4\u00e4n aidolla kruunutillill\u00e4 Landersin perheen salaisella reseptill\u00e4.<\/em><\/p>\n\n\n\n<p><img loading=\"lazy\" decoding=\"async\" width=\"150\" height=\"136\" class=\"wp-image-1007\" style=\"width: 150px;\" src=\"https:\/\/saarenoma.fi\/villawuorio\/wp-content\/uploads\/2022\/07\/IMG_20211004_174720__01.jpg\" alt=\"\" srcset=\"https:\/\/saarenoma.fi\/villawuorio\/wp-content\/uploads\/2022\/07\/IMG_20211004_174720__01.jpg 2538w, https:\/\/saarenoma.fi\/villawuorio\/wp-content\/uploads\/2022\/07\/IMG_20211004_174720__01-300x271.jpg 300w, https:\/\/saarenoma.fi\/villawuorio\/wp-content\/uploads\/2022\/07\/IMG_20211004_174720__01-1024x926.jpg 1024w, https:\/\/saarenoma.fi\/villawuorio\/wp-content\/uploads\/2022\/07\/IMG_20211004_174720__01-768x695.jpg 768w, https:\/\/saarenoma.fi\/villawuorio\/wp-content\/uploads\/2022\/07\/IMG_20211004_174720__01-200x181.jpg 200w, https:\/\/saarenoma.fi\/villawuorio\/wp-content\/uploads\/2022\/07\/IMG_20211004_174720__01-1536x1390.jpg 1536w, https:\/\/saarenoma.fi\/villawuorio\/wp-content\/uploads\/2022\/07\/IMG_20211004_174720__01-2048x1853.jpg 2048w, https:\/\/saarenoma.fi\/villawuorio\/wp-content\/uploads\/2022\/07\/IMG_20211004_174720__01-600x543.jpg 600w\" sizes=\"auto, (max-width: 150px) 100vw, 150px\" \/><\/p>\n\n\n\n<p><strong>ALL YOU CAN EAT -RAPUJUHLAT LOKAKUUSSA<\/strong><\/p>\n\n\n\n<p>Syksyn viimeiset saksiniekat laitetaan tarjolle nyt!<\/p>\n\n\n\n<p>&#8221;All You Can Eat&#8221; -p\u00f6yt\u00e4 notkuu rapuja to-pe 6.-7.10. sek\u00e4 pe-la 21.-22.10. saksittuun special hintaan 58\u20ac\/hl\u00f6.<\/p>\n\n\n\n<p>Kattaus alkaa klo 18 ja iltaa voidaan jatkaa seurueiden toiveiden mukaan. Ennakkoilmoittautuminen vaaditaan!<\/p>\n\n\n\n<p><a><\/a>Hinta sis\u00e4lt\u00e4\u00e4 bataattikeiton ja rapubuffetin tyk\u00f6tarpeineen sek\u00e4 tunnelmallisen kattauksen osallistujam\u00e4\u00e4r\u00e4st\u00e4 riippuen joko Villa Wuoriossa tai Wuorion Rannassa.<\/p>\n\n\n\n<p>Rapukattauksiemme ravut ovat mehukkaita perinteikk\u00e4\u00e4ll\u00e4 <a href=\"https:\/\/www.facebook.com\/viltgardenravut?__cft__[0]=AZXJIk_O-H8oIeJ1jqbp0oUpRdLFAJv_QNg_XWIwJbIRLMZKwtgUtiuiK-i_LI58va_ogAOgH3gRt1WcVwGxLxAc0LUZkn3d1l7BYwyt4AmaYjXusaM-gqFl2CFpNTmeochn8GwLYd2szfjngAgCxS6jqZ1KZvrvKqguAR5wD8HWCA&amp;__tn__=-]K-R\">Viltg\u00e5rdens Kr\u00e4ftor<\/a> reseptill\u00e4 keitettyj\u00e4 kotimaisia t\u00e4pl\u00e4rapuja ja ovat joka juhlissa saaneet vuolaita kehuja!<\/p>\n\n\n\n<p>Ilmoittaudu s\u00e4hk\u00f6postilla <a rel=\"noreferrer noopener\" href=\"mailto:villawuorio@gmail.com\" target=\"_blank\">villawuorio@gmail.com<\/a> tai messenger-viestill\u00e4 <a rel=\"noreferrer noopener\" href=\"https:\/\/l.facebook.com\/l.php?u=https%3A%2F%2Fm.me%2Fvillawuorio%3Ffbclid%3DIwAR2BSFS8PcN2rQXyaSF_tAbWqF8GNiHa5xBxn8aNhvyCmzoX8m7vzL5_cAI&amp;h=AT0uUVVq-ZOfGquTFB8_LEU_kp4xQvninpYo3l-ZmCbdgeb8Dww69X9cvrMluhEoy5YTMtfFpkZi2SOzR2K-GvtH97mj5Bcbk2nHugQtjq87gavh5xCVWX63-vh2ZWGxj86mekmAbiUKpuqxjg&amp;__tn__=-UK-R&amp;c[0]=AT3cMKdixcIKqTy4Qmc6e1Z_cx6IFyavuccy8X-6IQEZWkdZgZFoEiYSJO0yHJ2bUGBigHHQHPhkbp4Db5YqwzH6pevDE_mu6Zxvl7Oyp1M4jE1_jbSyCyKn1J0CAM-4MsSATMD6MBoyPUS2auJf7UuFRJWpRNen0bKFpqldMEAMtPKinoBnr1PwqkSNe_EC-n12ZaU_\" target=\"_blank\">m.me\/villawuorio<\/a>. Ilmoittautumiset tapahtumaviikon keskiviikkoon menness\u00e4! Rajoitettu er\u00e4!<\/p>\n\n\n\n<hr class=\"wp-block-separator alignfull has-alpha-channel-opacity\"\/>\n\n\n\n<p><strong>Rapuillallinen Wuorion Taivaan alla<\/strong> <strong>pe 5.8.<\/strong> &#8211; P\u00c4\u00c4TTYNYT!<\/p>\n\n\n\n<p>Katamme Villa Wuorion upealle pihamaalle rennon rapukollektiivin, josta voit varata itsellesi tai seurueellesi paikat. Voit siis tulla viihtym\u00e4\u00e4n yksin tai yhdess\u00e4. Tapahtumaan osallistuminen maksaa 30\u20ac \/ henkil\u00f6.<\/p>\n\n\n\n<p>Osallistumismaksu sis\u00e4lt\u00e4\u00e4 tervetulojuoman (kuohuviini tai alkoholiton kuohuviini oman valinnan mukaan), alkukeiton, leip\u00e4\u00e4, voita ja tilli\u00e4 sek\u00e4 istumapaikan valmiiksi katetulta yhteis\u00f6lliselt\u00e4 rapuillalliselta. Ravut ja juomat veloitetaan erikseen. <\/p>\n\n\n\n<p>Isot kotimaiset Viltg\u00e5rdenin ravut (11-11,9cm) hintaan 5,90\u20ac\/kpl. <\/p>\n\n\n\n<p>Juomat Villa Wuorion baarista. Suositusviini Bergh Gr\u00fcner Veltliner Organic 2020 illan ajan erikoishintaan 32\u20ac\/plo. Talon yrttisnapsi 6\u20ac\/kpl. <\/p>\n\n\n\n<p>T\u00e4ll\u00e4<strong> <a href=\"https:\/\/forms.gle\/4fM2Msn9UcFu7pEJA\" data-type=\"URL\" data-id=\"https:\/\/forms.gle\/4fM2Msn9UcFu7pEJA\">lomakkeella<\/a> <\/strong>voit varata paikan itsellesi ja seurueellesi tapahtumaan. Ilmoittautuminen tapahtumaan on p\u00e4\u00e4ttynyt, mutta olemme avanneet illalle viel\u00e4 viime hetken Rapurynt\u00e4yksen!!<\/p>\n\n\n\n<p><\/p>\n\n\n\n<p><strong>Viime hetken rapurynt\u00e4ys 5.8. illalliselle!!<\/strong><\/p>\n\n\n\n<p>S\u00e4\u00e4 suosii Rapuillalllinen Villa Wuorion Taivaan Alla -tapahtumaamme k\u00e4sitt\u00e4m\u00e4tt\u00f6m\u00e4n upeasti!<\/p>\n\n\n\n<p>Siksip\u00e4 avaamme viel\u00e4 viime hetken rapukollektiivin &#8211; pitk\u00e4n yhteisen p\u00f6yd\u00e4n, josta voit varata paikan saksittuun hintaan 45\u20ac\/hl\u00f6. Hinta sis\u00e4lt\u00e4\u00e4 katetun paikan yhteiselt\u00e4 rapuillalliselta ja 10kpl kotimaisia t\u00e4pl\u00e4rapuja (10-10,9cm), voita, tilli\u00e4 ja paahtoleip\u00e4\u00e4 sek\u00e4 huipun yhteis\u00f6llisen meiningin ainutlaatuisessa milj\u00f6\u00f6ss\u00e4 Villa Wuorion merellisess\u00e4 pihapiiriss\u00e4. Voit liitty\u00e4 seuraan oman aikataulusi mukaan klo 19-21 v\u00e4lill\u00e4. <\/p>\n\n\n\n<p>Kaiken kruunuksi iltaa tahdittaa karismaattinen rapujuhlakonkari, pianisti Tomas Viljasalo.<\/p>\n\n\n\n<p>Toiveenne mukaiset rapujuhlajuomat illan ajan Villa Wuorion baarista (esimerkiksi: suositusviini Bergh Gr\u00fcner Veltliner Organic 2020 illan ajan erikoishintaan 32\u20ac\/plo. Talon yrttisnapsi 6\u20ac\/kpl.)<\/p>\n\n\n\n<p>Vain 20 ensimm\u00e4ist\u00e4 mahtuu mukaan!<\/p>\n\n\n\n<p>Lunasta paikkasi <a href=\"https:\/\/saarenoma.fi\/villawuorio\/tuote\/rapuryntays-1hlo\/\"><strong>t\u00e4st\u00e4<\/strong><\/a><\/p>\n\n\n\n<hr class=\"wp-block-separator alignfull has-alpha-channel-opacity\"\/>\n\n\n\n<p><strong>Wuorion Rannan Rapukattaukset<\/strong> P\u00c4\u00c4TTYNYT!<\/p>\n\n\n\n<p>Wuorion Rannassa vietet\u00e4\u00e4n rapujuhlia elokuun alusta alkaen! Voit tehd\u00e4 p\u00f6yt\u00e4varauksen omalle seurueellesi (max. 14 hl\u00f6) Wuorion Rantaan to-su klo 12-20 elokuusta aina syyskuun loppuun saakka.<\/p>\n\n\n\n<p><\/p>\n\n\n\n<p class=\"has-text-align-center\"><strong>Wuorion Rannan Rapumenu<\/strong><\/p>\n\n\n\n<p class=\"has-text-align-center\">Mustajuurikeitto <br>12 \u20ac\/hl\u00f6 <\/p>\n\n\n\n<p class=\"has-text-align-center\">Raputarjotin Wuorion tapaan <br><em>40 kpl kotimaisia Viltg\u00e5rdenin t\u00e4pl\u00e4rapuja (11-11,9 cm) <\/em><br><em>Landersin perheen salaisella reseptill\u00e4 keitettyn\u00e4<\/em><br><em>Sis\u00e4lt\u00e4\u00e4 Wuorion leip\u00e4korin, voin &amp; tillin <\/em><br>240 \u20ac<\/p>\n\n\n\n<p class=\"has-text-align-center\">Suositusviini:<br>Bergh Gr\u00fcner Veltliner Organic 2020<br>42 \u20ac\/plo<\/p>\n\n\n\n<p class=\"has-text-align-center\">Omenapiirakka &amp; vaniljakastike<br>Kahvi\/tee <br>8 \u20ac\/hl\u00f6 <\/p>\n\n\n\n<p class=\"has-text-align-center\">Kasvisvaihtoehto ravuille: <br>Keitetty latva-artisokka ja aioli <br>24 \u20ac\/hl\u00f6<\/p>\n\n\n\n<p class=\"has-text-align-center\"><\/p>\n\n\n\n<p><\/p>\n\n\n\n<p>P\u00f6yt\u00e4varaukset viimeist\u00e4\u00e4n saman viikon maanantaina alla olevalla lomakkeella tai <br>messenger: <a href=\"http:\/\/m.me\/villawuorio\">m.me\/villawuorio<\/a><br>email: <a href=\"mailto:villawuorio@gmail.com\">villawuorio@gmail.com<\/a><\/p>\n\n\n\n<p>P\u00f6yt\u00e4varaus vahvistetaan maksamalla varaamasi raputarjottimet etuk\u00e4teen &#8211; saat maksulinkin s\u00e4hk\u00f6postiin varausvahvistuksen yhteydess\u00e4. Varaus on sitova. Ilmoita varauksesi lis\u00e4tiedoissa, montako raputarjotinta haluat seurueellesi varata.<\/p>\n\n\n\n<p><\/p>\n\n\n\n<p><\/p>\n","protected":false},"excerpt":{"rendered":"<p>Rapukattauksissamme p\u00e4\u00e4osassa ovat huippulaatuiset Inkoossa keitetyt kotimaiset Viltg\u00e5rdenin t\u00e4pl\u00e4ravut. Ravut kalastetaan kest\u00e4v\u00e4n kehityksen periaatteella ja keitet\u00e4\u00e4n aidolla kruunutillill\u00e4 Landersin perheen salaisella reseptill\u00e4. ALL YOU CAN EAT -RAPUJUHLAT LOKAKUUSSA Syksyn viimeiset saksiniekat laitetaan tarjolle nyt! &#8221;All You Can Eat&#8221; -p\u00f6yt\u00e4 notkuu rapuja to-pe 6.-7.10. sek\u00e4 pe-la 21.-22.10. saksittuun special hintaan 58\u20ac\/hl\u00f6. [&hellip;]<\/p>\n","protected":false},"author":1,"featured_media":408,"parent":0,"menu_order":0,"comment_status":"closed","ping_status":"closed","template":"","meta":{"om_disable_all_campaigns":false,"_monsterinsights_skip_tracking":false,"_monsterinsights_sitenote_active":false,"_monsterinsights_sitenote_note":"","_monsterinsights_sitenote_category":0,"footnotes":""},"class_list":["post-460","page","type-page","status-publish","has-post-thumbnail","hentry"],"aioseo_notices":[],"_links":{"self":[{"href":"https:\/\/saarenoma.fi\/villawuorio\/wp-json\/wp\/v2\/pages\/460","targetHints":{"allow":["GET"]}}],"collection":[{"href":"https:\/\/saarenoma.fi\/villawuorio\/wp-json\/wp\/v2\/pages"}],"about":[{"href":"https:\/\/saarenoma.fi\/villawuorio\/wp-json\/wp\/v2\/types\/page"}],"author":[{"embeddable":true,"href":"https:\/\/saarenoma.fi\/villawuorio\/wp-json\/wp\/v2\/users\/1"}],"replies":[{"embeddable":true,"href":"https:\/\/saarenoma.fi\/villawuorio\/wp-json\/wp\/v2\/comments?post=460"}],"version-history":[{"count":45,"href":"https:\/\/saarenoma.fi\/villawuorio\/wp-json\/wp\/v2\/pages\/460\/revisions"}],"predecessor-version":[{"id":1081,"href":"https:\/\/saarenoma.fi\/villawuorio\/wp-json\/wp\/v2\/pages\/460\/revisions\/1081"}],"wp:featuredmedia":[{"embeddable":true,"href":"https:\/\/saarenoma.fi\/villawuorio\/wp-json\/wp\/v2\/media\/408"}],"wp:attachment":[{"href":"https:\/\/saarenoma.fi\/villawuorio\/wp-json\/wp\/v2\/media?parent=460"}],"curies":[{"name":"wp","href":"https:\/\/api.w.org\/{rel}","templated":true}]}}